*y(x). What is the tens digit of w(6)?
6
Let o be (9/6)/(18/12). What is the tens digit of 2 + (120 - o) + 1?
2
Let f be (-2 - -130) + 4/2. Suppose 28 = -u - f. What is the tens digit of u/(-4) - 6/4?
3
Let j be 5/30 - (-91)/(-6). Let w be j/(-10) + 6/(-4). Suppose w = -4*l - 0*l + 56. What is the units digit of l?
4
Suppose 2*k = 4*k. Suppose k = -5*b - 0*b - 5. What is the tens digit of (b - (-5)/4)*68?
1
Let r(m) = -5*m**3 - 2*m**2 - 2*m - 1. Let o be r(-1). Suppose -18 = 10*x - o*x. Let q(f) = -f + 2. What is the units digit of q(x)?
5
Let y be ((-770)/8)/(((-11)/(-4))/(-11)). Let v = y + -211. What is the tens digit of v?
7
Let t(g) = 254*g + 9. What is the tens digit of t(1)?
6
Let b = 0 + 9. Suppose -3*d = -b, 0 = 2*s + 2*s + 4*d - 96. Suppose 4*n - v - 72 = s, -3*n + 66 = -2*v. What is the units digit of n?
4
Suppose 6*b - 5*u + 15 = 4*b, 4*u = -4*b + 40. Suppose -b + 97 = c. What is the tens digit of 2/(8/c) - -2?
2
Let c = -501 - -524. Suppose 4*h + 16 = 3*i, -5*i + 2*h = -0*h - 22. Suppose -5*w = -2*b - 251, 5*b + c = i*w - 188. What is the units digit of w?
9
Let h = 2715 + -1559. What is the hundreds digit of h?
1
Let k(u) = 94*u + 1. Suppose -2*n - 2*n = -4. Let d be k(n). Suppose z + 190 = 4*z - 2*p, -2*z - 5*p = -d. What is the units digit of z?
0
Suppose 5*q - 23 = -2*t, 5*t = -4*q + 10*t - 8. Suppose 4*j = -q*a + 563, -2*a + a = 3*j - 416. Suppose 0 = 4*m - j + 29. What is the units digit of m?
7
Let u = 42 + 561. What is the tens digit of u?
0
Suppose 5*s + 1851 = 4*x, -5*x + 2315 = 3*s - 8*s. What is the hundreds digit of x?
4
Let h = -50 - -51. Let c(g) = -30*g + 1. Let b be c(-1). Suppose -o - h = -b. What is the tens digit of o?
3
Let q(a) = -a**3 + 14*a**2 - 12*a - 11. Let v be q(13). Suppose v*l - 3 - 1 = 0. Suppose -d + 5 = -k - 2*k, -l*d = k - 38. What is the units digit of d?
7
Let o be (1 - -3)/((-4)/6)*3. Let q = -12 - -21. Let k = q - o. What is the units digit of k?
7
Suppose 5*q + 0*p - p + 30 = 0, -4*q - 45 = -5*p. Let x be ((-4)/q)/(2/5). Suppose -x*i + 125 = 3*i. What is the tens digit of i?
2
Let b(f) = 3*f - 4. Let s be b(6). Let j = s + -9. Suppose 3*p = j*k + 134, p = 6*p - 5*k - 210. What is the tens digit of p?
3
Suppose -y + 379 + 12 = 5*z, 0 = 4*y - 4*z - 1588. Suppose -6*l - y = -9*l. What is the hundreds digit of l?
1
Let z(u) = -u**2 - 6*u + 1. Let h be z(-5). Suppose -h*p + p = 15. What is the units digit of p/9 - 49/(-3)?
6
Suppose i = 6*i - 2*s - 19, -2*s = -4*i + 16. Suppose -i*k - 2*l + 22 = 0, 3*l = -0*l + 15. Suppose -3*q - q + k = 0. What is the units digit of q?
1
Let b(o) = -o + 1. Let u be b(3). Let f be (0 - u)/((-26)/143). Let d(q) = -q**3 - 11*q**2 - 4*q - 13. What is the units digit of d(f)?
1
Let t be ((-1)/9*3)/(3/(-45)). Suppose t*s - 11 = 19. What is the units digit of s?
6
Let w(x) = 16*x - 59. What is the tens digit of w(17)?
1
Suppose -p = 6*p - 1554. What is the units digit of p/12 - (-3)/2?
0
What is the thousands digit of 17233/9 - 238/(-1071)?
1
Suppose 0 = 3*s + x - 3614, 7984 = 5*s + 3*x + 1962. What is the hundreds digit of s?
2
Suppose 8*i - 9*i = -619. What is the tens digit of i?
1
Let u(d) = d**3 + 36*d**2 - 50*d + 37. What is the tens digit of u(-37)?
1
Let t be -1 + 2 + 4 + -4. Let b be 5 - t/(-2)*-2. Suppose -2*p - 14 = -b*p. What is the units digit of p?
7
Suppose 4*s = -5*s - 927. Let v = 176 + s. What is the tens digit of v?
7
Let l = -915 + 1295. What is the units digit of l?
0
Suppose -2*x + 25 = -453. What is the units digit of x?
9
Suppose 0 = 7*c - 2*c - 15. Suppose -p - c*w - 75 = -3*p, p + 3*w = 51. What is the tens digit of p?
4
Suppose -3*a + 4*a = -14. Let z = 56 + a. What is the units digit of z/(-12)*(-20 - 2)?
7
Let r be (-7)/(-21) - 33/(-9). Suppose 0 = r*t + 2*t - 1626. What is the tens digit of t?
7
Suppose 38*a - 1148 = 9036. What is the tens digit of a?
6
Let p(h) = h**2 - 5*h + 221. What is the thousands digit of p(36)?
1
Let s(h) = 3*h - 28. Let b be s(10). Suppose -332 = -b*g - 5*y, 3*g - 2*y = -3*y + 524. What is the tens digit of g?
7
Let z = 19 - 40. Let q = 123 + z. What is the tens digit of q?
0
Suppose 2*f + f - 6 = 0. Let b = -191 - -236. Suppose 3*x - b = -f*x. What is the units digit of x?
9
Suppose a - i = 312, 4*a - i - 914 = 334. What is the tens digit of a?
1
Let n be ((-8)/(-3))/((-10)/(-15)). Suppose 5*z + n*v - 45 = 0, -2*v = 3*z + 2 - 29. What is the tens digit of -3 + 3/(z/102)?
3
Let z = -2941 + 5445. What is the thousands digit of z?
2
Let h be (-13)/(-26)*(-4)/(-1). Suppose -4*g = 4*q - 128, -28 = -g + 5*q - h. What is the tens digit of g?
3
Suppose -5*l = 8 - 33. Let d be (39/(-12))/(l/(-20)). Let q = d - 6. What is the units digit of q?
7
Suppose 0 = -4*x + 22 - 2. Let h be -1 + 15 + 2/(-1). Let s = x + h. What is the tens digit of s?
1
Let t = -85 + 315. Let c = 156 - t. Let p = c + 109. What is the units digit of p?
5
Let k = 481 + -118. What is the tens digit of k?
6
Suppose -23*l = -29446 + 9091. What is the tens digit of l?
8
Suppose -2*i + 5*l = -4*i + 414, 616 = 3*i + 5*l. Suppose -3*b + 4*g = -i, -2*g = 4*b + 2*g - 260. What is the units digit of b?
6
Let w be 2/(-11) + (-34)/(-187). Let v = 13 - w. What is the tens digit of v?
1
What is the hundreds digit of (-213625)/(-175) + (-3)/(-42)*4?
2
Let m be 8 + -2 - 4/4. Suppose 3*y - 177 = -3*s, 0*y - 5*y + 255 = -m*s. Let l = -21 + y. What is the tens digit of l?
3
Suppose 4*x - 3*y - 20 = 0, -3*y + 3 - 5 = 5*x. Let r be 6 - x - (3 - 2). Suppose b - r = 8. What is the tens digit of b?
1
Let c be 3*-1 + 202*(-12)/(-8). Suppose -3*j - 2*z + 5*z + c = 0, 3*z = -j + 80. What is the tens digit of j?
9
Suppose -11*l + 2808 - 520 = 0. Suppose 5*d + 5*m = d + l, 0 = -5*d + m + 231. What is the units digit of d?
7
Let d(b) = -21*b - 1. Let h be d(-1). Let g(j) = h + 11*j - 9 - 13. What is the tens digit of g(3)?
3
Suppose -8*r = -7*r. Suppose -b = 2, -4*z + 132 = -r*b - 2*b. What is the tens digit of z?
3
Let j = 2171 + -1532. What is the hundreds digit of j?
6
Let w(t) = t**3 + 17*t**2 - 26*t + 85. What is the tens digit of w(12)?
4
Let p(x) = x**3 + 7*x**2 - 10*x - 16. Let n be p(-8). Suppose a = -k + 8, 4*k - 12 = -n*k. What is the units digit of a?
5
What is the hundreds digit of 449 + -2 - (-18)/(-9)?
4
Suppose 0 = -2*n + 7*n - 280. Suppose 0*o + 53 = 4*o + x, 4*o + 4*x = n. Suppose -p + o = -6. What is the units digit of p?
9
Let b = -544 + 645. What is the tens digit of b?
0
Let t(c) = 317*c - 14. What is the tens digit of t(1)?
0
Let o(i) = 3*i**2 - 4. Let f be (23/(-69))/(2/(-36)). Let h be o(f). Suppose 4*s - 83 = -2*r + 13, 2*r - h = 4*s. What is the tens digit of r?
5
Suppose -4*b + 740 + 544 = 4*z, -4 = b. What is the units digit of z?
5
Suppose -3*p + 28 = 13. Suppose p*y - 172 = 2*h + 134, -3*y + 182 = -2*h. What is the tens digit of y?
6
What is the units digit of (-20559)/14*32/(-24)?
8
Suppose -4*d + 3 = -5*d. Let y(h) = -8*h + 17. What is the tens digit of y(d)?
4
Let z(c) = -c**2 - 17*c - 13. Let s be z(-16). What is the units digit of ((-6)/s - -58) + 3?
9
Let o(l) = -353*l**3 + l**2 + 4*l + 7. What is the units digit of o(-2)?
7
Suppose -2*y = -7*y. Suppose y = 5*j - 3*p, 0 = p - 4*p. Suppose j*n - 20 = -4*w + 4*n, 2*n + 7 = w. What is the units digit of w?
3
Let x(q) = q**3 - q**2 + q. Let v be x(0). Let h(w) be the third derivative of w**4/24 + 2*w**3/3 + 11*w**2. What is the units digit of h(v)?
4
Let t(f) = 3*f**2 + 23*f - 5. Suppose -2*u + m - 22 = 0, -4*m - m = 3*u + 33. What is the hundreds digit of t(u)?
1
Suppose 0 = -47*q - 9*q + 163744. What is the thousands digit of q?
2
Let b(j) = -j**2 + j + 3. Let p(x) = -x**2 + 2*x + 6. Let q(u) = -5*b(u) + 2*p(u). Let r(k) = -2*k**3 + 1. Let z be r(-1). What is the units digit of q(z)?
1
Suppose 0 = -17*f + 20*f - 534. What is the tens digit of f?
7
Let b(k) = 2*k**2 - 4*k + 7. Let g be (-1)/6 - 392/(-48). What is the hundreds digit of b(g)?
1
Suppose 4*i = -5*y + 10536, 2645 = 54*i - 53*i + 4*y. What is the units digit of i?
9
Suppose -492 = 364*m - 367*m. What is the units digit of m?
4
Suppose -6*l + 3*y + 2557 = -2*l, -3*y = -2*l + 1271. What is the tens digit of l?
4
Let i(q) = -q**2 + 5*q + 5. Let x be i(6). Let g be (x + 15)*(-1)/1. What is the units digit of (3/5)/(g/(-140))?
6
Suppose